- 4. Let x = 229 + -137. Let t = -60 + x. Suppose -14*h = -18*h - t. Calculate z(h).
4
Suppose -6*n - 2087 = -6641. Let y(l) = 2*l**3 + 4*l**3 - l - n*l**2 + 759*l**2. Give y(-1).
-5
Let h(v) = 5*v**2 + 8*v. Let u be h(-5). Let i = u + -84. Let s(l) = 8*l**2 - l + 5*l**2 + 2*l**2. Give s(i).
14
Let l(i) = 2*i**2 + 9*i - 5. Let q(j) = j**3 + 11*j**2 + 17*j - 3. Let w be q(-9). Let p(x) = -x**2 + 8*x - 17. Let n be p(w). What is l(n)?
0
Let g(k) = -k - 2. Suppose 382 = 8*j + 1246. Let z = 112 + j. Suppose -6*f = -3*f + s + z, -3*s = 3*f. Give g(f).
0
Let v(g) be the first derivative of g**7/840 - g**6/90 - g**5/30 + g**4/4 - 41*g**3/3 + 36. Let k(s) be the third derivative of v(s). Give k(5).
11
Let a(q) be the second derivative of 0*q**3 + q**2 + 1/12*q**4 - 78*q + 0. What is a(0)?
2
Suppose 5*r - 22 = -3*v, 2*v = -3*v - 5. Let p(m) = 7*m**2 - 18*m + 2. Give p(r).
87
Let f(s) be the third derivative of s**6/120 - 13*s**5/60 - 5*s**4/4 - 5*s**3/6 - 2*s**2 - 21*s + 17. Give f(15).
-5
Suppose 13*j - 7*j = 432. Let t(q) = 79 + j - 153 - q. Calculate t(-5).
3
Let y(a) = -2*a**3 + a + 1. Let q be (-20)/(-16)*-1*4 + 511. Let i = -507 + q. Calculate y(i).
2
Let i = 114 - 110. Let r(m) = -10 - i*m**2 + 20 - 9 + 9*m**2. Let h = 37 - 36. Give r(h).
6
Let k = 276 - 272. Let p(q) = q**3 - 2*q**2 + q. Let g(a) = 3*a**3 - 10*a**2 + 10*a + 3. Let h(d) = -g(d) + 2*p(d). Determine h(k).
-3
Let d(z) = -3*z - 10. Let w(l) = l + 5. Let v(f) = 3*d(f) + 7*w(f). Suppose 1 = t + 3*r - 4, 2*t = -2*r + 10. Determine v(t).
-5
Suppose 10 = 4*n - 2*u - 2, -4*n + 6 = u. Suppose 20 = 5*i - 5*s, -4*s = -3*i - n*i + 21. Let j(q) = -2*q**2 + 4*q + 3. What is j(i)?
-27
Suppose -4*t = -2067*r + 2063*r - 40, r - 3*t + 32 = 0. Let u = -6 - -12. Let x(f) = -f + 5*f - 3*f - u*f**3 - 1. Calculate x(r).
-6
Suppose l + 2965 = 5*v + 2937, -6*l = 18. Let b(p) = -p + 11. Let h(s) = s - 10. Let c(q) = -3*b(q) - 4*h(q). Calculate c(v).
2
Let a(t) = -2 + 96*t + 5*t + 8 - 70*t + 35*t. What is a(-1)?
-60
Let p(o) = -o + 7. Let z be -1 - 1 - (-13 + 3). Let j = z + 8. Suppose v + 3*r = j, -2*v + 5*r + 5 = 2*r. Calculate p(v).
0
Let c(o) be the first derivative of -o**4/4 - 17*o**3/3 - 16*o**2 - 29*o + 1388. Determine c(-15).
1
Let u(f) be the third derivative of -11*f**6/720 + 103*f**4/12 - 270*f**2. Let w(v) be the second derivative of u(v). Let c = 3 - 2. Give w(c).
-11
Let f(d) = d**2 - 6*d - 3. Let b be f(7). Suppose -2*c = -4*h, 2 = -4*h + 3*c + b. Let a(i) = -4*i - 2. Determine a(h).
2
Let i(r) be the second derivative of 1/12*r**4 + 0 + 50*r + 1/3*r**3 - 9/2*r**2. Give i(-5).
6
Let x be -3 - (-2)/4*-2 - -9. Let f be 2 - (-3 + 6) - (0 - x). Let k(t) = -t - 1. Let c(l) = -2*l - 1. Let p(d) = -3*c(d) + 4*k(d). Determine p(f).
7
Let k(n) be the first derivative of n**3/3 - n**2/2 + 6*n + 1. Suppose -69*f - 674 = -674. Calculate k(f).
6
Let l(f) = 2*f**2 + 6*f + 7. Let b = 140 - 147. Let m be b + 0 + 0 + -6 + 7. Calculate l(m).
43
Let q(g) = -2*g**2 + 2*g - 3. Suppose 725 = -22*r + 1559 + 838. Let p be 6/(-4)*(-296)/6. Let x = r - p. Determine q(x).
-7
Let v = -254 + 256. Let r(j) = -10*j**v + j - 2*j + 14*j**2. Determine r(2).
14
Let v(q) = -q**2 + 7*q + 10. Let d(g) be the third derivative of g**5/60 - g**4/4 - 11*g**3/6 + 168*g**2. Let k(c) = 4*d(c) + 3*v(c). Calculate k(6).
4
Let k(d) = 3*d - 9. Let i be k(9). Let f(z) = 12*z**2 + 31 - 22 - 5*z - 3*z**2 - i. Let l(b) = 4*b**2 - 3*b - 4. Let o(v) = 2*f(v) - 5*l(v). Give o(4).
-10
Let n(m) = -156 + 7*m - 6*m + 143. Let x be n(11). Let r(t) = -4*t**2 - t - 2. Determine r(x).
-16
Let t(j) = j**3 - 4*j**2 - 4*j - 10. Let d be t(7). Let f = d + -107. Suppose 2*u - 5*g = 3*u + 29, -4*u - f*g - 26 = 0. Let o(c) = 3*c + 6. Calculate o(u).
-6
Let y(i) = -13*i**2 + i**3 + 8 + 83*i - 170*i + i**3 + 93*i. Calculate y(6).
8
Let u(h) be the second derivative of -5*h**4/3 + 19*h**3/6 - 3*h**2/2 + 9497*h. Give u(2).
-45
Let n(g) = g**2 + 80*g + 384. Let f be n(-75). Let x(w) = w**3 - 10*w**2 + 6*w - 3. Give x(f).
-30
Let t = -423 - -433. Let a(q) = -29*q + 35*q - 3 - t*q. Determine a(-3).
9
Let y(l) = -l**3 + 11*l + 2*l**2 - 16252 - 11*l + 8*l - 4*l**2 + 16251. Determine y(4).
-65
Suppose 12*a = 14*a - 4. Suppose -h + 2*m = -4, -3*h + 2 = 2*m + a*m. Let u(o) = o**3 - 2*o**2 - o - 1. Give u(h).
-3
Let q(t) = -t + 3. Let x(z) = 1. Let i(h) = -q(h) + 2*x(h). Let m = -385 - -388. What is i(m)?
2
Let a(c) = 2*c**2 - 9*c - 83. Let x(b) = -9*b**2 + 45*b + 457. Let u(l) = 11*a(l) + 2*x(l). Give u(3).
10
Let j be (96/(-208))/((-7)/((-1456)/(-24))). Let c(f) = 82*f - 327. What is c(j)?
1
Let m be -6 + (-14)/(-1) + 5/(-4)*4. Let k(l) = l + 4. Let z(y) = -3*y - 11. Let w(o) = 11*k(o) + 4*z(o). Determine w(m).
-3
Let c(i) be the third derivative of 2*i**4/3 + i**3/6 - 3*i**2. Let x(o) = o**2 - 45*o - 93. Let t be x(47). Determine c(t).
17
Suppose -2*m - 120 = -22*m. Let f(t) = 0*t - 7*t**2 + m*t**2 + 4*t + 0*t. Calculate f(3).
3
Let d(i) = 5 - 3*i + 11 + 84 - 6*i - 16. What is d(10)?
-6
Suppose 0 = 2*t - 8*s - 6, 17*t + 3*s - 10 = 16*t. Let j(n) = 58*n - 405. Give j(t).
1
Let l be ((-1)/6)/((-83)/996). Let q(k) = -3*k**3 - 40*k**2 + 3 + 37*k**l - 1 + 2*k - 4. Calculate q(2).
-34
Let n(p) = 8*p - 73. Let z(d) = -4*d + 37. Let k(h) = 4*n(h) + 7*z(h). Suppose -30*j + 490 = 190. Let m be k(j). Let v(w) = w**3 - 8*w**2 + 7*w. Calculate v(m).
0
Let q(w) = w**3 - 7*w**2 + 6*w + 1. Let p(n) = -88*n - 1490. Let k be p(-17). Calculate q(k).
1
Let g(d) = 11*d**2 + 5*d - 2. Let q(t) = -9*t**2 - t + 3. Let k(f) = g(f) + 2*q(f). Give k(-1).
-6
Let f(z) = z**3 - 4*z**2 - 43*z + 192. Let m be f(5). Let x(b) = -6*b - 13. Determine x(m).
-25
Let a = -12 - -7. Let v(k) be the second derivative of -k**3/6 - k**2 + 1501*k - 3. What is v(a)?
3
Let i(g) = -71*g - 5. Let a be i(0). Let p(r) = -2*r - 2. Determine p(a).
8
Let j = -70 - -72. Let z(m) = 9 - 12 - m - 1 - m**j. What is z(0)?
-4
Suppose 2*a = -3*g + 3 + 20, -3*a - 2*g + 47 = 0. Let i(z) = -125*z**3 + 126*z**3 - 1 + 12*z**2 + 15*z - a + 5*z**2. Calculate i(-16).
-4
Let q(t) = -t**2 - 74*t + 29*t + 14*t - 168. Calculate q(-24).
0
Suppose 41*y = -401 + 114. Let n(s) = -s**3 - 8*s**2 + s + 11. Determine n(y).
-45
Let p(q) be the second derivative of 0 - 1/6*q**3 - q**2 - 2*q. Suppose -4*s = -1 + 29. Determine p(s).
5
Let i(p) = p + 10. Let j(s) = 20*s**3 + 7*s**2 - 12*s + 9. Let n be j(1). Determine i(n).
34
Let b = -34976 + 34957. Let a(f) = f + 16. Give a(b).
-3
Let l(c) = -3*c**2 + 435*c + 430. Let z be l(146). Let g(m) = 0*m + 4*m**2 + 4 - 3*m**2 + 10*m. Calculate g(z).
-12
Let y(f) = -f**2 - 4*f + 7. Let b(m) = -3*m - 3 + 0 + 1 - 1. Suppose -12*p - 7*p + 19 = 0. Let t be b(p). What is y(t)?
-5
Let p be ((-3)/(-6))/((-1)/(-4)). Suppose 0 = 3*v - v + 3*s + 3, v + 3 = -p*s. Let c(r) = r - 6*r + 6*r - v. Calculate c(-5).
-8
Let t = 188 - 192. Let s be t/(-10) + (-231)/(-35). Let o(f) = -1 + 11*f - 22*f + 14*f. Determine o(s).
20
Let n(p) be the first derivative of -p**4/4 - 3*p**3 + p**2 - 6*p - 111. Let u(k) = k**2 - k - 1. Let c(s) = n(s) + 2*u(s). What is c(-7)?
-8
Let r(w) = -w**3 - 4*w**2 - 1. Let u = -663 + 682. Suppose s + u = 17. What is r(s)?
-9
Let z = 47899 + -47891. Let c(s) be the third derivative of s**6/120 - 3*s**5/20 + 11*s**4/24 - 23*s**3/6 + 4*s**2. Calculate c(z).
1
Suppose 115*p - 119*p = -8. Let n(l) = -2 + 1059*l**2 - 1060*l**p - l - 3*l. Determine n(-5).
-7
Let o be (-150)/12*(-8)/(-5). Let l be -3 - 5*24/o. Let i(c) = 2*c**2 - c - 1. What is i(l)?
14
Let w(z) be the second derivative of -z**3/6 - 5*z**2/2 + 1849*z. Suppose -9 = -g + 2*g. Determine w(g).
4
Let t(w) = -w**2 - 72 + 41 + 32 + w. Let u(b) = -3*b**2 + 10*b + 3. Let j(v) = 4*t(v) - u(v). Calculate j(-5).
6
Suppose -j - 5*g + 18 = 0, -5*g + 4 = -3*j - 2. Let v(w) = 9 - j*w - 20 + 7 + 3 - 1. Determine v(2).
-8
Let w(a) = -a**2 - 6*a + 2. Suppose 37 = -4*x - 3*y, 56*x - 54*x + 4*y = -16. What is w(x)?
-38
Suppose -c = -x - 9, -191*c + 3*x = -192*c - 7. Let g(m) be the third derivative of -m**5/60 + 5*m**4/24 - 7*m**3/6 + 7*m**2. What is g(c)?
-7
Suppose 44*y - 48*y + 2*i - 28 = 0, -3*y - i - 11 = 0. Let g(q) = 3*q - 2 - q - 2. Determine g(y).
-14
Let g(n) = -n + 4. Let h be g(5). Let u(t) be the first derivative of 3*t**4/4 - t - 21573. Give u(h).
-4
